{"id":235,"date":"2024-03-16T09:29:27","date_gmt":"2024-03-16T12:29:27","guid":{"rendered":"https:\/\/villaaconcagua.cl\/2.0\/?page_id=235"},"modified":"2026-01-07T18:31:34","modified_gmt":"2026-01-07T21:31:34","slug":"plan-lector","status":"publish","type":"page","link":"https:\/\/villaaconcagua.cl\/2.0\/plan-lector\/","title":{"rendered":"Plan Lector"},"content":{"rendered":"<div class=\"wpb-content-wrapper\"><p>[vc_row full_width=\u00bbstretch_row_content\u00bb css=\u00bb.vc_custom_1508205441356{margin-top: -30px !important;}\u00bb][vc_column][vc_column_text]<a href=\"https:\/\/i0.wp.com\/villaaconcagua.cl\/2.0\/wp-content\/uploads\/2024\/03\/plan-lector-2-1.jpg?ssl=1\"><img fetchpriority=\"high\" decoding=\"async\" class=\"wp-image-2833 size-medium aligncenter\" src=\"https:\/\/i0.wp.com\/villaaconcagua.cl\/2.0\/wp-content\/uploads\/2024\/03\/plan-lector-2-1.jpg?resize=300%2C205&#038;ssl=1\" alt=\"\" width=\"300\" height=\"205\" data-recalc-dims=\"1\" \/><\/a><\/p>\n<p><strong>1\u00ba B\u00c1SICO A-B<\/strong><\/p>\n<table width=\"100%\">\n<tbody>\n<tr>\n<td width=\"64%\"><strong>T\u00edtulo<\/strong><\/td>\n<td width=\"35%\"><strong>Autor<\/strong><\/td>\n<\/tr>\n<tr>\n<td width=\"64%\">1. La peque\u00f1a Lil\u00e9n<\/td>\n<td width=\"35%\">V\u00edctor Carvajal<\/td>\n<\/tr>\n<tr>\n<td width=\"64%\">2. Caco y La Turu<\/td>\n<td width=\"35%\">V\u00edctor Carvajal<\/td>\n<\/tr>\n<tr>\n<td width=\"64%\">3. Arvejas en las orejas<\/td>\n<td width=\"35%\">Esteban Cabezas<\/td>\n<\/tr>\n<tr>\n<td width=\"64%\">4. Yo te Curar\u00e9 Dijo el Peque\u00f1o Oso<\/td>\n<td width=\"35%\">Janosch<\/td>\n<\/tr>\n<tr>\n<td width=\"64%\">5.Ni un pelo de tonto<\/td>\n<td width=\"35%\">Pelayos<\/td>\n<\/tr>\n<tr>\n<td width=\"64%\">6. Libro a Elecci\u00f3n de preferencia del CRA<\/td>\n<td width=\"35%\"><\/td>\n<\/tr>\n<\/tbody>\n<\/table>\n<p>&nbsp;<\/p>\n<p>&nbsp;<\/p>\n<p><strong>2\u00ba B\u00c1SICO A \u2013B\u00a0 <\/strong><\/p>\n<table width=\"100%\">\n<tbody>\n<tr>\n<td width=\"64%\"><strong>T\u00edtulo<\/strong><\/td>\n<td width=\"35%\"><strong>Autor<\/strong><\/td>\n<\/tr>\n<tr>\n<td width=\"64%\">1.La Polilla del Ba\u00fal<\/td>\n<td width=\"35%\">Mario Carvajal \u2013Carlos Sarantini<\/td>\n<\/tr>\n<tr>\n<td width=\"64%\">2. El Gorila Raz\u00e1n<\/td>\n<td width=\"35%\">Mar\u00eda Luisa Silva<\/td>\n<\/tr>\n<tr>\n<td width=\"64%\">3. La cuncuna Filomena<\/td>\n<td width=\"35%\">Gisela Hertling<\/td>\n<\/tr>\n<tr>\n<td width=\"64%\">4. Sapo y Sepo Inseparables<\/td>\n<td width=\"35%\">Arnold Lobel<\/td>\n<\/tr>\n<tr>\n<td width=\"64%\">5. Vamos a buscar un tesoro<\/td>\n<td width=\"35%\">Jonoch<\/td>\n<\/tr>\n<tr>\n<td width=\"64%\">6. Libro a Elecci\u00f3n de preferencia del CRA<\/td>\n<td width=\"35%\"><\/td>\n<\/tr>\n<\/tbody>\n<\/table>\n<p><strong>\u00a0<\/strong><\/p>\n<p>&nbsp;<\/p>\n<p><strong>3\u00ba B\u00c1SICO A-B\u00a0 <\/strong><\/p>\n<table width=\"100%\">\n<tbody>\n<tr>\n<td width=\"63%\"><strong>T\u00edtulo<\/strong><\/td>\n<td width=\"36%\"><strong>Autor<\/strong><\/td>\n<\/tr>\n<tr>\n<td width=\"63%\">1.La Cama M\u00e1gica de Bartolo<\/td>\n<td width=\"36%\">Mauricio Paredes<\/td>\n<\/tr>\n<tr>\n<td width=\"63%\">2. Gato, el Perro M\u00e1s Tonto del Mundo<\/td>\n<td width=\"36%\">Felipe Jord\u00e1n<\/td>\n<\/tr>\n<tr>\n<td width=\"63%\">3. El Enigma del Huevo Verde<\/td>\n<td width=\"36%\">Pepe Pelayo<\/td>\n<\/tr>\n<tr>\n<td width=\"63%\">4. La Abuelita Opalina<\/td>\n<td width=\"36%\">Mar\u00eda Puncel<\/td>\n<\/tr>\n<tr>\n<td width=\"63%\">5. Superzorro<\/td>\n<td width=\"36%\">Roal Dahl<\/td>\n<\/tr>\n<tr>\n<td width=\"63%\">6. Judy Moody es detective<\/td>\n<td width=\"36%\">Megan Mc Donald<\/td>\n<\/tr>\n<\/tbody>\n<\/table>\n<p><strong>\u00a0<\/strong><\/p>\n<p>&nbsp;<\/p>\n<p><strong>4\u00ba B\u00c1SICO A-B\u00a0 <\/strong><\/p>\n<table width=\"100%\">\n<tbody>\n<tr>\n<td width=\"61%\"><strong>T\u00edtulo<\/strong><\/td>\n<td width=\"38%\"><strong>Autor<\/strong><\/td>\n<\/tr>\n<tr>\n<td width=\"61%\">1. \u00bfSeguiremos Siendo Amigos?<\/td>\n<td width=\"38%\">Paula Danziger<\/td>\n<\/tr>\n<tr>\n<td width=\"61%\">2. \u00c1mbar Va En Cuarto y Sin Su Amigo<\/td>\n<td width=\"38%\">Paula Danziger<\/td>\n<\/tr>\n<tr>\n<td width=\"61%\">3. El Lugar M\u00e1s Bonito del Mundo<\/td>\n<td width=\"38%\">Ann Cameron<\/td>\n<\/tr>\n<tr>\n<td width=\"61%\">4. Juan, Julia y Jeric\u00f3<\/td>\n<td width=\"38%\">Christine N\u00f6stlinger<\/td>\n<\/tr>\n<tr>\n<td width=\"61%\">5. Querida Susi Querido Paul<\/td>\n<td width=\"38%\">Christine N\u00f6stlinger<\/td>\n<\/tr>\n<tr>\n<td width=\"61%\">6.Cuando el sol se aburri\u00f3 de trabajar<\/td>\n<td width=\"38%\">Gloria Alegr\u00eda<\/td>\n<\/tr>\n<\/tbody>\n<\/table>\n<p>&nbsp;<\/p>\n<p>&nbsp;<\/p>\n<p><strong>5\u00ba B\u00c1SICO A-B\u00a0\u00a0 <\/strong><\/p>\n<table width=\"100%\">\n<tbody>\n<tr>\n<td width=\"60%\"><strong>T\u00edtulo<\/strong><\/td>\n<td width=\"39%\"><strong>Autor<\/strong><\/td>\n<\/tr>\n<tr>\n<td width=\"60%\">1. No Somos\u00a0 Irrompibles<\/td>\n<td width=\"39%\">Elsa Bonnerman<\/td>\n<\/tr>\n<tr>\n<td width=\"60%\">2. Supertoci<\/td>\n<td width=\"39%\">Judy Blume<\/td>\n<\/tr>\n<tr>\n<td width=\"60%\">3. Peque\u00f1o Vampiro<\/td>\n<td width=\"39%\">Angela Sommer Bodenburg<\/td>\n<\/tr>\n<tr>\n<td width=\"60%\">4. Ben Quiere a Anna<\/td>\n<td width=\"39%\">Peter Hartling<\/td>\n<\/tr>\n<tr>\n<td width=\"60%\">5. La Abuela<\/td>\n<td width=\"39%\">Peter Hartling<\/td>\n<\/tr>\n<tr>\n<td width=\"60%\">6. Mar\u00eda La Dura. No quiero ser Ninja<\/td>\n<td width=\"39%\">Esteban Cabezas<\/td>\n<\/tr>\n<\/tbody>\n<\/table>\n<p>&nbsp;<\/p>\n<p>&nbsp;<\/p>\n<p><strong>6\u00baB\u00c1SICO A-B <\/strong><\/p>\n<table width=\"100%\">\n<tbody>\n<tr>\n<td width=\"62%\"><strong>T\u00edtulo<\/strong><\/td>\n<td width=\"37%\"><strong>Autor<\/strong><\/td>\n<\/tr>\n<tr>\n<td width=\"62%\">1. Frin<\/td>\n<td width=\"37%\">Luis Pescetti<\/td>\n<\/tr>\n<tr>\n<td width=\"62%\">2. Mujercitas<\/td>\n<td width=\"37%\">Louisa May Alcott<\/td>\n<\/tr>\n<tr>\n<td width=\"62%\">3. Terror en Winnipeg<\/td>\n<td width=\"37%\">Erick Wilson<\/td>\n<\/tr>\n<tr>\n<td width=\"62%\">4. La ballena varada<\/td>\n<td width=\"37%\">\u00d3scar Collazos<\/td>\n<\/tr>\n<tr>\n<td width=\"62%\">5. Emilia cuatro enigmas de verano<\/td>\n<td width=\"37%\">Jacqueline Balcells<\/td>\n<\/tr>\n<tr>\n<td width=\"62%\">6. El jard\u00edn secreto<\/td>\n<td width=\"37%\">Frances Hodgson<\/td>\n<\/tr>\n<tr>\n<td width=\"62%\">7. Y el Joselo se cay\u00f3 de la Luna<\/td>\n<td width=\"37%\">Felipe Jord\u00e1n<\/td>\n<\/tr>\n<\/tbody>\n<\/table>\n<p>&nbsp;<\/p>\n<p><strong>\u00a0<\/strong><\/p>\n<p><strong>7\u00baB\u00c1SICO A-B <\/strong><\/p>\n<table width=\"100%\">\n<tbody>\n<tr>\n<td width=\"64%\"><strong>T\u00edtulo<\/strong><\/td>\n<td width=\"35%\"><strong>Autor<\/strong><\/td>\n<\/tr>\n<tr>\n<td width=\"64%\">1.Historia de una gaviota y el gato que le ense\u00f1\u00f3 a volar<\/td>\n<td width=\"35%\">Luis Sep\u00falveda<\/td>\n<\/tr>\n<tr>\n<td width=\"64%\">2. Asesinato en el Canadian Express<\/td>\n<td width=\"35%\">Eric Wilson<\/td>\n<\/tr>\n<tr>\n<td width=\"64%\">3. El Principito<\/td>\n<td width=\"35%\">Antoine de Saint -Ex\u00fapery<\/td>\n<\/tr>\n<tr>\n<td width=\"64%\">4. La cazadora de Indiana Jones<\/td>\n<td width=\"35%\">Asun Balzola<\/td>\n<\/tr>\n<tr>\n<td width=\"64%\">5. Quique Hache Detective<\/td>\n<td width=\"35%\">Sergio G\u00f3mez<\/td>\n<\/tr>\n<tr>\n<td width=\"64%\">6.\u00a0 Alicia en el Pa\u00eds de las Maravillas<\/td>\n<td width=\"35%\">Lewis Carrol<\/td>\n<\/tr>\n<tr>\n<td width=\"64%\">7. Libro a elecci\u00f3n preferencia del CRA<\/td>\n<td width=\"35%\"><\/td>\n<\/tr>\n<\/tbody>\n<\/table>\n<p><strong>\u00a0<\/strong><\/p>\n<p><strong>\u00a0<\/strong><\/p>\n<p><strong>8\u00ba B\u00c1SICO A-B<\/strong><\/p>\n<table width=\"100%\">\n<tbody>\n<tr>\n<td width=\"56%\"><strong>T\u00edtulo<\/strong><\/td>\n<td width=\"43%\"><strong>Autor<\/strong><\/p>\n<p><strong>\u00a0<\/strong><\/td>\n<\/tr>\n<tr>\n<td width=\"56%\">1.La ciudad del sol<\/td>\n<td width=\"43%\">Macarena Fabry<\/td>\n<\/tr>\n<tr>\n<td width=\"56%\">2. El m\u00e9dico a palos<\/td>\n<td width=\"43%\">Moli\u00e9re<\/td>\n<\/tr>\n<tr>\n<td width=\"56%\">3.Donde vuelan los c\u00f3ndores<\/td>\n<td width=\"43%\">Eduardo Bast\u00edas<\/td>\n<\/tr>\n<tr>\n<td width=\"56%\">4.Yo, simio<\/td>\n<td width=\"43%\">Sergio G\u00f3mez<\/td>\n<\/tr>\n<tr>\n<td width=\"56%\">5. Estudio en Escarlata<\/td>\n<td width=\"43%\">Arthur Conan Doyle<\/td>\n<\/tr>\n<tr>\n<td width=\"56%\">6.\u00a0 Detective Conan<\/td>\n<td width=\"43%\">Gosho Aoyama<\/td>\n<\/tr>\n<tr>\n<td width=\"56%\">7. Libro a elecci\u00f3n preferencia del CRA<\/td>\n<td width=\"43%\"><\/td>\n<\/tr>\n<\/tbody>\n<\/table>\n<p><strong>\u00a0<\/strong><\/p>\n<p>&nbsp;<\/p>\n<p><strong>I MEDIO A-B<\/strong><\/p>\n<table width=\"100%\">\n<tbody>\n<tr>\n<td width=\"55%\"><strong>T\u00edtulo<\/strong><\/td>\n<td width=\"44%\"><strong>Autor<\/strong><\/td>\n<\/tr>\n<tr>\n<td width=\"55%\">1.Cruzada en Jeans<\/td>\n<td width=\"44%\">Thea\u00a0 Beckman<\/td>\n<\/tr>\n<tr>\n<td width=\"55%\">2. Nunca enamores a un forastero<\/td>\n<td width=\"44%\">Ram\u00f3n D\u00edaz Eterovic<\/td>\n<\/tr>\n<tr>\n<td width=\"55%\">3. Edipo Rey<\/td>\n<td width=\"44%\">S\u00f3focles<\/td>\n<\/tr>\n<tr>\n<td width=\"55%\">4. El retrato de Dorian Gray<\/td>\n<td width=\"44%\">Oscar Wilde<\/td>\n<\/tr>\n<tr>\n<td width=\"55%\">5. La contadora de pel\u00edculas<\/td>\n<td width=\"44%\">Hern\u00e1n Rivera Letelier<\/td>\n<\/tr>\n<tr>\n<td width=\"55%\">6. La granja de los animales<\/td>\n<td width=\"44%\">George Orwell<\/td>\n<\/tr>\n<tr>\n<td width=\"55%\">7. Libro a Elecci\u00f3n de preferencia del CRA<\/td>\n<td width=\"44%\"><\/td>\n<\/tr>\n<\/tbody>\n<\/table>\n<p>&nbsp;<\/p>\n<p><strong>\u00a0<\/strong><\/p>\n<p><strong>II MEDIO A-B <\/strong><\/p>\n<table width=\"100%\">\n<tbody>\n<tr>\n<td width=\"54%\"><strong>T\u00edtulo<\/strong><\/td>\n<td width=\"45%\"><strong>Autor<\/strong><\/td>\n<\/tr>\n<tr>\n<td width=\"54%\">1. No pas\u00f3 nada<\/td>\n<td width=\"45%\">Antonio Sk\u00e1rmeta<\/td>\n<\/tr>\n<tr>\n<td width=\"54%\">2. Nieve Negra<\/td>\n<td width=\"45%\">Camila Valenzuela<\/td>\n<\/tr>\n<tr>\n<td width=\"54%\">3. Cr\u00f3nica de una muerte anunciada<\/td>\n<td width=\"45%\">Gabriel Garc\u00eda M\u00e1rquez<\/td>\n<\/tr>\n<tr>\n<td width=\"54%\">4. Los ojos del perro siberiano<\/td>\n<td width=\"45%\">Antonio Santa Ana<\/td>\n<\/tr>\n<tr>\n<td width=\"54%\">5. Casa de Mu\u00f1ecas<\/td>\n<td width=\"45%\">Henrik Ibsen<\/td>\n<\/tr>\n<tr>\n<td width=\"54%\">6. Libro a Elecci\u00f3n de preferencia del CRA<\/td>\n<td width=\"45%\"><\/td>\n<\/tr>\n<tr>\n<td width=\"54%\"><\/td>\n<td width=\"45%\"><\/td>\n<\/tr>\n<\/tbody>\n<\/table>\n<p>&nbsp;<\/p>\n<p><strong>\u00a0<\/strong><\/p>\n<p><strong>III MEDIO A-B<\/strong><\/p>\n<table width=\"100%\">\n<tbody>\n<tr>\n<td width=\"54%\"><strong>T\u00edtulo<\/strong><\/td>\n<td width=\"45%\"><strong>Autor<\/strong><\/td>\n<\/tr>\n<tr>\n<td width=\"54%\">1.La metamorfosis<\/td>\n<td width=\"45%\">Franz Kafka<\/td>\n<\/tr>\n<tr>\n<td width=\"54%\">2. El Alquimista<\/td>\n<td width=\"45%\">Paulo Coelho<\/td>\n<\/tr>\n<tr>\n<td width=\"54%\">3. 1984<\/td>\n<td width=\"45%\">George Orwell<\/td>\n<\/tr>\n<tr>\n<td width=\"54%\">4. La hojarasca<\/td>\n<td width=\"45%\">Gabriel Garc\u00eda M\u00e1rquez<\/td>\n<\/tr>\n<tr>\n<td width=\"54%\">5. El T\u00fanel<\/td>\n<td width=\"45%\">Ernesto S\u00e1bato<\/td>\n<\/tr>\n<tr>\n<td width=\"54%\">6. Libro a Elecci\u00f3n de preferencia del CRA<\/td>\n<td width=\"45%\"><\/td>\n<\/tr>\n<\/tbody>\n<\/table>\n<p>&nbsp;<\/p>\n<p>&nbsp;<\/p>\n<p><strong>IV MEDIO A-B<\/strong><\/p>\n<table width=\"100%\">\n<tbody>\n<tr>\n<td width=\"54%\"><strong>T\u00edtulo<\/strong><\/td>\n<td width=\"45%\"><strong>Autor<\/strong><\/td>\n<\/tr>\n<tr>\n<td width=\"54%\">1.El extranjero<\/td>\n<td width=\"45%\">Albert Camus<\/td>\n<\/tr>\n<tr>\n<td width=\"54%\">2.Pedro P\u00e1ramo<\/td>\n<td width=\"45%\">Juan Rulfo<\/td>\n<\/tr>\n<tr>\n<td width=\"54%\">3.Como agua para chocolate<\/td>\n<td width=\"45%\">Laura Esquivel<\/td>\n<\/tr>\n<tr>\n<td width=\"54%\">4.Farenheit 451<\/td>\n<td width=\"45%\">Ray Bradbury<\/td>\n<\/tr>\n<tr>\n<td width=\"54%\">5.Tuya<\/td>\n<td width=\"45%\">Claudia Pi\u00f1eiro<\/td>\n<\/tr>\n<tr>\n<td width=\"54%\">6. Libro a Elecci\u00f3n de preferencia del CRA<\/td>\n<td width=\"45%\"><\/td>\n<\/tr>\n<\/tbody>\n<\/table>\n<p><strong>\u00a0<\/strong><\/p>\n<\/div>","protected":false},"excerpt":{"rendered":"<p>[vc_row full_width=\u00bbstretch_row_content\u00bb css=\u00bb.vc_custom_1508205441356{margin-top: -30px !important;}\u00bb][vc_column][vc_column_text] 1\u00ba B\u00c1SICO A-B T\u00edtulo Autor 1. La peque\u00f1a Lil\u00e9n V\u00edctor Carvajal 2. Caco y La Turu V\u00edctor Carvajal 3. Arvejas en las orejas Esteban Cabezas 4. Yo te Curar\u00e9 Dijo el Peque\u00f1o Oso Janosch 5.Ni un pelo de tonto Pelayos 6. Libro a Elecci\u00f3n de preferencia del CRA &nbsp; &nbsp; [&hellip;]<\/p>\n","protected":false},"author":1,"featured_media":0,"parent":0,"menu_order":0,"comment_status":"closed","ping_status":"closed","template":"","meta":{"om_disable_all_campaigns":false,"_monsterinsights_skip_tracking":false,"_monsterinsights_sitenote_active":false,"_monsterinsights_sitenote_note":"","_monsterinsights_sitenote_category":0,"_uf_show_specific_survey":0,"_uf_disable_surveys":false,"jetpack_post_was_ever_published":false,"footnotes":""},"class_list":["post-235","page","type-page","status-publish","hentry"],"aioseo_notices":[],"jetpack_sharing_enabled":true,"jetpack-related-posts":[],"_links":{"self":[{"href":"https:\/\/villaaconcagua.cl\/2.0\/wp-json\/wp\/v2\/pages\/235","targetHints":{"allow":["GET"]}}],"collection":[{"href":"https:\/\/villaaconcagua.cl\/2.0\/wp-json\/wp\/v2\/pages"}],"about":[{"href":"https:\/\/villaaconcagua.cl\/2.0\/wp-json\/wp\/v2\/types\/page"}],"author":[{"embeddable":true,"href":"https:\/\/villaaconcagua.cl\/2.0\/wp-json\/wp\/v2\/users\/1"}],"replies":[{"embeddable":true,"href":"https:\/\/villaaconcagua.cl\/2.0\/wp-json\/wp\/v2\/comments?post=235"}],"version-history":[{"count":8,"href":"https:\/\/villaaconcagua.cl\/2.0\/wp-json\/wp\/v2\/pages\/235\/revisions"}],"predecessor-version":[{"id":841,"href":"https:\/\/villaaconcagua.cl\/2.0\/wp-json\/wp\/v2\/pages\/235\/revisions\/841"}],"wp:attachment":[{"href":"https:\/\/villaaconcagua.cl\/2.0\/wp-json\/wp\/v2\/media?parent=235"}],"curies":[{"name":"wp","href":"https:\/\/api.w.org\/{rel}","templated":true}]}}