{"id":295,"date":"2024-03-17T13:24:08","date_gmt":"2024-03-17T16:24:08","guid":{"rendered":"https:\/\/villaaconcagua.cl\/2.0\/?page_id=295"},"modified":"2026-03-05T11:51:27","modified_gmt":"2026-03-05T14:51:27","slug":"escuela-de-lenguaje","status":"publish","type":"page","link":"https:\/\/villaaconcagua.cl\/2.0\/escuela-de-lenguaje\/","title":{"rendered":"Escuela de Lenguaje"},"content":{"rendered":"<div class=\"wpb-content-wrapper\"><p>[vc_row full_width=\u00bbstretch_row_content\u00bb css=\u00bb.vc_custom_1508289878556{margin-top: -30px !important;}\u00bb][vc_column][vc_column_text]<img fetchpriority=\"high\" decoding=\"async\" class=\"aligncenter wp-image-1191 size-full\" src=\"https:\/\/i0.wp.com\/villaaconcagua.cl\/2.0\/wp-content\/uploads\/2024\/03\/escuela_de_lenguaje.png?resize=696%2C180&#038;ssl=1\" alt=\"\" width=\"696\" height=\"180\" data-recalc-dims=\"1\" \/>[\/vc_column_text][\/vc_column][\/vc_row][vc_row][vc_column][vc_column_text]<\/p>\n<p style=\"text-align: justify;\"><img decoding=\"async\" class=\"alignright wp-image-2379 size-medium\" src=\"https:\/\/i0.wp.com\/villaaconcagua.cl\/2.0\/wp-content\/uploads\/2024\/03\/escuelalenguaje_006-300x240-1.jpg?resize=300%2C240&#038;ssl=1\" alt=\"\" width=\"300\" height=\"240\" data-recalc-dims=\"1\" \/>Nuestra escuela fue fundada en el a\u00f1o 2001, atiende ni\u00f1os que presentan Trastornos Espec\u00edficos del Lenguaje, con edades que fluct\u00faan entre los tres y cinco a\u00f1os, realizando un diagn\u00f3stico gratuito y tratamiento especializado en las \u00e1reas descendidas, cumpliendo adem\u00e1s con los requerimientos que exige la Educaci\u00f3n Parvularia en las Bases Curriculares.<\/p>\n<p style=\"text-align: justify;\">Contamos con diversos especialistas que brindan su apoyo ante las necesidades que pueden presentar nuestros alumnos, tales como Educadoras Diferenciales especialistas en Trastornos del Lenguaje y Trastornos del Aprendizaje, Fonoaudi\u00f3logas, Psicopedagogas, Psic\u00f3logos, Orientadora y Asistentes de P\u00e1rvulos por sala. Los diversos niveles de nuestra escuela son atendidos por Educadoras Diferenciales que adem\u00e1s cuentan con asistentes de sala que ayudan en el trabajo diario con los ni\u00f1os. Los cursos son de 15 alumnos como m\u00e1ximo por sala, para facilitar el trabajo personalizado, funcionando con horarios de entrada, despacho y recreo diferidos de los alumnos de primer ciclo b\u00e1sico (1\u00ba y 2\u00ba b\u00e1sico). Durante el a\u00f1o escolar se realizan diversas actividades, como Escuelas para padres dirigidas a los padres y apoderados de nuestra escuela donde tratan temas relevantes y de inquietud para ellos, salidas pedag\u00f3gicas dentro y fuera de la comuna que son planificadas y est\u00e1n en concordancia a la unidad vista, la presentaci\u00f3n de la finalizaci\u00f3n del Primer Semestre de cada a\u00f1o donde participan exclusivamente los niveles pre-b\u00e1sicos del Establecimiento, celebraci\u00f3n de Fiestas Patrias y la Fiesta de la Primavera.<\/p>\n<p>Los entornos escolares pueden variar e incluir apoyo a los estudiantes en forma de consejeros y pedagog\u00eda diferenciada. Las instituciones educativas tambi\u00e9n organizan diversos eventos, como celebraciones y festivales escolares, para fomentar el intercambio comunitario y cultural.[\/vc_column_text][\/vc_column][\/vc_row][vc_row full_width=\u00bbstretch_row_content\u00bb content_placement=\u00bbmiddle\u00bb css=\u00bb.vc_custom_1511046866537{margin-bottom: 35px !important;padding-top: 35px !important;padding-right: 80px !important;padding-left: 80px !important;background-color: #b3b3b3 !important;}\u00bb][vc_column parallax=\u00bbcontent-moving-fade\u00bb][vc_column_text]<span style=\"color: #ffffff;\">Nuestros niveles de atenci\u00f3n son:<\/span><\/p>\n<p><span style=\"color: #ffffff;\">\u2022 Nivel Medio Mayor que atiende alumnos de tres a\u00f1os a tres a\u00f1os once meses.<\/span><br \/>\n<span style=\"color: #ffffff;\">\u2022 Primer Nivel Transici\u00f3n que va desde los cuatro a\u00f1os a los cuatro a\u00f1os once meses.<\/span><br \/>\n<span style=\"color: #ffffff;\">\u2022 Segundo Nivel Transici\u00f3n con alumnos de cinco a\u00f1os a cinco a\u00f1os once meses.<\/span><\/p>\n<p style=\"text-align: right;\"><span style=\"color: #ffffff;\"><em>Todas las edades deben ser cumplidas al 31 de marzo.*<\/em><\/span><\/p>\n<p>[\/vc_column_text][\/vc_column][\/vc_row][vc_row][vc_column][vc_column_text]<\/p>\n<p style=\"text-align: justify;\"><img decoding=\"async\" class=\"wp-image-2381 size-medium alignleft\" src=\"https:\/\/i0.wp.com\/villaaconcagua.cl\/2.0\/wp-content\/uploads\/2024\/03\/escuelalenguaje_007-300x240-1.jpg?resize=300%2C240&#038;ssl=1\" alt=\"\" width=\"300\" height=\"240\" data-recalc-dims=\"1\" \/>Nuestra escuela tiene como ventaja la continuidad de los estudios de los alumnos de Segundo nivel transici\u00f3n que son promovidos a Primer a\u00f1o B\u00e1sico de educaci\u00f3n regular, siendo apoyados por el Proyecto de Integraci\u00f3n y Psicopedagog\u00eda, en el caso que no hayan sido dados de alta y que presenten necesidades educativas especiales.<\/p>\n<p style=\"text-align: justify;\">El proyecto de integraci\u00f3n acoge a alumnos egresados de la escuela de lenguaje los cuales no han sido dados de alta y que persisten con el Trastorno de Lenguaje, siendo atendidos en sus dificultades por especialistas en Trastornos de Lenguaje y Fonoaudi\u00f3loga, en horarios alternos a su jornada de estudio, brindando en ese tiempo el apoyo especializado que requieren.<\/p>\n<p style=\"text-align: justify;\">Durante este a\u00f1o se ha implementado el Proyecto de Articulaci\u00f3n entre los Primeros b\u00e1sicos y los Segundos Niveles de Transici\u00f3n del Establecimiento incluyendo los Niveles de Lenguaje y Niveles de educaci\u00f3n preescolar regular donde se ha formado una alianza entre estos departamentos estableciendo metas y est\u00e1ndares de desempe\u00f1o para los estudiantes, facilitando la transici\u00f3n de la ni\u00f1a y el ni\u00f1o a la educaci\u00f3n regular desarrollando diversas actividades para el logro de este objetivo.<\/p>\n<p>[\/vc_column_text][\/vc_column][\/vc_row][vc_row full_width=\u00bbstretch_row_content\u00bb][vc_column][vc_column_text]<img loading=\"lazy\" decoding=\"async\" class=\"aligncenter wp-image-1715 size-full\" src=\"https:\/\/i0.wp.com\/villaaconcagua.cl\/2.0\/wp-content\/uploads\/2024\/03\/escuelalenguaje_pie.jpg?resize=696%2C182&#038;ssl=1\" alt=\"\" width=\"696\" height=\"182\" data-recalc-dims=\"1\" \/>[\/vc_column_text][\/vc_column][\/vc_row]<\/p>\n<\/div>","protected":false},"excerpt":{"rendered":"<p>[vc_row full_width=\u00bbstretch_row_content\u00bb css=\u00bb.vc_custom_1508289878556{margin-top: -30px !important;}\u00bb][vc_column][vc_column_text][\/vc_column_text][\/vc_column][\/vc_row][vc_row][vc_column][vc_column_text] Nuestra escuela fue fundada en el a\u00f1o 2001, atiende ni\u00f1os que presentan Trastornos Espec\u00edficos del Lenguaje, con edades que fluct\u00faan entre los tres y cinco a\u00f1os, realizando un diagn\u00f3stico gratuito y tratamiento especializado en las \u00e1reas descendidas, cumpliendo adem\u00e1s con los requerimientos que exige la Educaci\u00f3n Parvularia en las Bases [&hellip;]<\/p>\n","protected":false},"author":1,"featured_media":0,"parent":0,"menu_order":0,"comment_status":"closed","ping_status":"closed","template":"","meta":{"om_disable_all_campaigns":false,"_monsterinsights_skip_tracking":false,"_monsterinsights_sitenote_active":false,"_monsterinsights_sitenote_note":"","_monsterinsights_sitenote_category":0,"_uf_show_specific_survey":0,"_uf_disable_surveys":false,"jetpack_post_was_ever_published":false,"footnotes":""},"class_list":["post-295","page","type-page","status-publish","hentry"],"aioseo_notices":[],"jetpack_sharing_enabled":true,"jetpack-related-posts":[],"_links":{"self":[{"href":"https:\/\/villaaconcagua.cl\/2.0\/wp-json\/wp\/v2\/pages\/295","targetHints":{"allow":["GET"]}}],"collection":[{"href":"https:\/\/villaaconcagua.cl\/2.0\/wp-json\/wp\/v2\/pages"}],"about":[{"href":"https:\/\/villaaconcagua.cl\/2.0\/wp-json\/wp\/v2\/types\/page"}],"author":[{"embeddable":true,"href":"https:\/\/villaaconcagua.cl\/2.0\/wp-json\/wp\/v2\/users\/1"}],"replies":[{"embeddable":true,"href":"https:\/\/villaaconcagua.cl\/2.0\/wp-json\/wp\/v2\/comments?post=295"}],"version-history":[{"count":9,"href":"https:\/\/villaaconcagua.cl\/2.0\/wp-json\/wp\/v2\/pages\/295\/revisions"}],"predecessor-version":[{"id":875,"href":"https:\/\/villaaconcagua.cl\/2.0\/wp-json\/wp\/v2\/pages\/295\/revisions\/875"}],"wp:attachment":[{"href":"https:\/\/villaaconcagua.cl\/2.0\/wp-json\/wp\/v2\/media?parent=295"}],"curies":[{"name":"wp","href":"https:\/\/api.w.org\/{rel}","templated":true}]}}