{"id":78,"date":"2024-03-13T21:12:42","date_gmt":"2024-03-14T00:12:42","guid":{"rendered":"https:\/\/villaaconcagua.cl\/villaaconcagua\/?page_id=78"},"modified":"2024-03-18T10:57:07","modified_gmt":"2024-03-18T13:57:07","slug":"himno-del-colegio","status":"publish","type":"page","link":"https:\/\/villaaconcagua.cl\/2.0\/himno-del-colegio\/","title":{"rendered":"Himno del Colegio"},"content":{"rendered":"<div class=\"wpb-content-wrapper\"><p>[vc_row content_placement=\u00bbmiddle\u00bb][vc_column width=\u00bb1\/2&#8243; css=\u00bb.vc_custom_1511069112819{margin-top: 10px !important;margin-bottom: 10px !important;padding-top: 40px !important;padding-bottom: 15px !important;background-image: url(https:\/\/villaaconcagua.cl\/2.0\/wp-content\/uploads\/2024\/03\/pergamino_001.png?id=1967) !important;background-position: center !important;background-repeat: no-repeat !important;background-size: contain !important;}\u00bb][vc_column_text]<\/p>\n<p style=\"text-align: center;\">I<br \/>\nEL FUTURO ALIENTA<br \/>\nMENTES INQUIETAS LLEGAR\u00c1N<br \/>\nA OCUPAR LAS AULAS<br \/>\nDONDE EL ESTUDIO EST\u00cdMULO SER\u00c1,<br \/>\nEDUCAR Y AS\u00cd FORJAR<br \/>\nIDENTIDAD.<\/p>\n<p>[\/vc_column_text][\/vc_column][vc_column width=\u00bb1\/2&#8243; css=\u00bb.vc_custom_1511069120423{margin-top: 10px !important;margin-bottom: 10px !important;padding-top: 40px !important;padding-bottom: 15px !important;background-image: url(https:\/\/villaaconcagua.cl\/2.0\/wp-content\/uploads\/2024\/03\/pergamino_001.png?id=1967) !important;background-position: center !important;background-repeat: no-repeat !important;background-size: contain !important;}\u00bb][vc_column_text]<\/p>\n<p style=\"text-align: center;\">II<br \/>\nEL CONOCIMIENTO<br \/>\nCOMO UN LEGADO QUEDAR\u00c1,<br \/>\nES EL INSTRUMENTO<br \/>\nQUE EN LA JORNADA V\u00cdNCULO SER\u00c1,<br \/>\nAPRENDER Y AS\u00cd ENTENDER<br \/>\nLA REALIDAD.<\/p>\n<p>[\/vc_column_text][\/vc_column][\/vc_row][vc_row content_placement=\u00bbmiddle\u00bb][vc_column width=\u00bb1\/2&#8243; css=\u00bb.vc_custom_1511069127295{margin-top: 10px !important;margin-bottom: 10px !important;padding-top: 45px !important;padding-bottom: 15px !important;background-image: url(https:\/\/villaaconcagua.cl\/2.0\/wp-content\/uploads\/2024\/03\/pergamino_001.png?id=1967) !important;background-position: center !important;background-repeat: no-repeat !important;background-size: contain !important;}\u00bb][vc_column_text]<\/p>\n<p style=\"text-align: center;\">ESTRIBILLO<br \/>\nEN TIEMPOS QUE CAMBIAN<br \/>\nCON CADA SOL,<br \/>\nUN ALICIENTE DE J\u00d3VENES MIRADAS,<br \/>\nCOLEGIO VILLA ACONCAGUA.<\/p>\n<p>[\/vc_column_text][vc_empty_space height=\u00bb50px\u00bb][\/vc_column][vc_column width=\u00bb1\/2&#8243; css=\u00bb.vc_custom_1511069133968{margin-top: 10px !important;margin-bottom: 10px !important;padding-top: 45px !important;padding-bottom: 15px !important;background-image: url(https:\/\/villaaconcagua.cl\/2.0\/wp-content\/uploads\/2024\/03\/pergamino_001.png?id=1967) !important;background-position: center !important;background-repeat: no-repeat !important;background-size: contain !important;}\u00bb][vc_column_text]<\/p>\n<p style=\"text-align: center;\">III<br \/>\nUNA VOZ QUE EL TIEMPO<br \/>\nSABIO Y DISPUESTO ESCUCHAR\u00c1,<br \/>\nVOLUNTAD Y ANHELOS<br \/>\nUN GRAN PROYECTO POR ENCAMINAR,<br \/>\nCONSTRUIR Y COMPARTIR<br \/>\nHUMANIDAD.<\/p>\n<p>[\/vc_column_text][\/vc_column][\/vc_row]<\/p>\n<\/div>","protected":false},"excerpt":{"rendered":"<p>[vc_row content_placement=\u00bbmiddle\u00bb][vc_column width=\u00bb1\/2&#8243; css=\u00bb.vc_custom_1511069112819{margin-top: 10px !important;margin-bottom: 10px !important;padding-top: 40px !important;padding-bottom: 15px !important;background-image: url(https:\/\/villaaconcagua.cl\/2.0\/wp-content\/uploads\/2024\/03\/pergamino_001.png?id=1967) !important;background-position: center !important;background-repeat: no-repeat !important;background-size: contain !important;}\u00bb][vc_column_text] I EL FUTURO ALIENTA MENTES INQUIETAS LLEGAR\u00c1N A OCUPAR LAS AULAS DONDE EL ESTUDIO EST\u00cdMULO SER\u00c1, EDUCAR Y AS\u00cd FORJAR IDENTIDAD. [\/vc_column_text][\/vc_column][vc_column width=\u00bb1\/2&#8243; css=\u00bb.vc_custom_1511069120423{margin-top: 10px !important;margin-bottom: 10px !important;padding-top: 40px !important;padding-bottom: 15px !important;background-image: url(https:\/\/villaaconcagua.cl\/2.0\/wp-content\/uploads\/2024\/03\/pergamino_001.png?id=1967) !important;background-position: center [&hellip;]<\/p>\n","protected":false},"author":1,"featured_media":0,"parent":0,"menu_order":0,"comment_status":"closed","ping_status":"closed","template":"","meta":{"om_disable_all_campaigns":false,"_monsterinsights_skip_tracking":false,"_monsterinsights_sitenote_active":false,"_monsterinsights_sitenote_note":"","_monsterinsights_sitenote_category":0,"_uf_show_specific_survey":0,"_uf_disable_surveys":false,"jetpack_post_was_ever_published":false,"footnotes":""},"class_list":["post-78","page","type-page","status-publish","hentry"],"aioseo_notices":[],"jetpack_sharing_enabled":true,"jetpack-related-posts":[],"_links":{"self":[{"href":"https:\/\/villaaconcagua.cl\/2.0\/wp-json\/wp\/v2\/pages\/78","targetHints":{"allow":["GET"]}}],"collection":[{"href":"https:\/\/villaaconcagua.cl\/2.0\/wp-json\/wp\/v2\/pages"}],"about":[{"href":"https:\/\/villaaconcagua.cl\/2.0\/wp-json\/wp\/v2\/types\/page"}],"author":[{"embeddable":true,"href":"https:\/\/villaaconcagua.cl\/2.0\/wp-json\/wp\/v2\/users\/1"}],"replies":[{"embeddable":true,"href":"https:\/\/villaaconcagua.cl\/2.0\/wp-json\/wp\/v2\/comments?post=78"}],"version-history":[{"count":7,"href":"https:\/\/villaaconcagua.cl\/2.0\/wp-json\/wp\/v2\/pages\/78\/revisions"}],"predecessor-version":[{"id":334,"href":"https:\/\/villaaconcagua.cl\/2.0\/wp-json\/wp\/v2\/pages\/78\/revisions\/334"}],"wp:attachment":[{"href":"https:\/\/villaaconcagua.cl\/2.0\/wp-json\/wp\/v2\/media?parent=78"}],"curies":[{"name":"wp","href":"https:\/\/api.w.org\/{rel}","templated":true}]}}